- (-1)/(-5) is divided by k?
3
Let a(b) = -b**2 - 7*b + 1. Suppose -i = 5*g - 1 - 11, g + 5*i + 12 = 0. What is the remainder when a(-6) is divided by g?
1
Let y = -3 - -5. Suppose 2*m + y*m = -3*r - 14, -4*m - 24 = -2*r. Suppose -r*q = -6*q - 2*x + 66, 25 = -5*x. Calculate the remainder when 56 is divided by q.
18
Let m = -6 - -12. Suppose -3*n + 2 = -4. Let o = m - n. What is the remainder when 7 is divided by o?
3
Let h = 38 - 21. What is the remainder when 63 is divided by h?
12
What is the remainder when 51 is divided by (78/(-4))/((-15)/20)?
25
Let w = -8 - -27. Let u = -139 - -144. Calculate the remainder when w is divided by u.
4
Let n = -18 + 21. Calculate the remainder when 6 is divided by n.
0
Let d(u) = u**3 + 7*u**2 + 8*u + 3. Let r be d(-6). Let y = 23 + r. Calculate the remainder when y is divided by -2 - (4*5)/(-2).
6
Let v be 66/5*40/16. Calculate the remainder when (-4)/(-6)*v/2 is divided by 6.
5
Let w(f) = f + 9. Let h be w(-7). What is the remainder when -6*h/(2/(-7)) is divided by 11?
9
Let s(g) = 14*g + 6. What is the remainder when s(4) is divided by 16?
14
Calculate the remainder when (20 - 1) + 0 + 0/(-3) is divided by 10.
9
Suppose 2*b + 9 = 4*g - 3, -5*g = -2*b - 14. What is the remainder when g is divided by (-4 - (-9 - -4))/((-1)/(-2))?
0
Let j(p) = p + 7. Let x be (-1)/2 + (-13)/(-2). Suppose -n = -26 + 2. What is the remainder when n is divided by j(x)?
11
Let o be 18/12*16/(-3). Let t(d) = d**3 + 8*d**2 + 7. Calculate the remainder when t(o) is divided by 5.
2
Let h(d) = 41*d + 36*d - 70*d. Suppose 0 = 2*f - 2 - 2. Calculate the remainder when 27 is divided by h(f).
13
Let w = 42 + 4. Calculate the remainder when w is divided by 13.
7
Let a(d) be the first derivative of -d**2/2 + 14*d + 1. Suppose -5 = -2*s + 7. What is the remainder when 23 is divided by a(s)?
7
Let c be -7 + 9/(-3) + 4. Let m be 3/(-3) - c - 1. Suppose 0 = -4*h + l + 15 + 50, 4*l - 40 = -m*h. Calculate the remainder when 28 is divided by h.
13
Let y(u) = 3*u**2 + 3*u - 2. Let x be y(2). Let n = x - 4. What is the remainder when 46 is divided by n?
10
Suppose 0 = -2*c - c - 12. Let o = 10 + c. Calculate the remainder when 10 is divided by o.
4
Let a(l) = 13*l - 182. Let d = -28 + 42. Calculate the remainder when a(16) is divided by d.
12
Let q(p) = -p**3 + 4*p**2 + p. Let n be q(4). Let i = 7 - n. Suppose -i*g + 6*g - 30 = 0. Calculate the remainder when g is divided by 6.
4
Let o(b) = -7*b**3 - 5*b**2 - 2*b + 4. Let r(j) = j**3 + j - 1. Let m(y) = o(y) + 6*r(y). Calculate the remainder when 28 is divided by m(-6).
8
Suppose 0 = m + 5 - 18. Suppose -3*d + 2*d = -2. Suppose 23 = d*n - 27. What is the remainder when n is divided by m?
12
Let o be 183/12 + 1/(-4). Suppose 4*j - o = 3*j. What is the remainder when 57 is divided by j?
12
Let x(g) = -g**3 + g + 2. Suppose -5*c = -5*v + 5, -3*v - 4 = 3*c - 1. What is the remainder when 3 is divided by x(v)?
1
Suppose 6*a = a + 970. What is the remainder when (-10)/(-35) - a/(-7) is divided by 10?
8
Suppose 2*g + 2*r - 58 = 84, 211 = 3*g + r. Calculate the remainder when g is divided by 8.
6
Let d be (-3 - -6)/((-3)/(-4)). Suppose -c = -5, -d*y + 0*y - 2*c + 318 = 0. Calculate the remainder when y is divided by 20.
17
Let q = 5 + 9. What is the remainder when q is divided by 4?
2
Let i = -21 + 33. Let k be 44/3 + (-2)/3. Calculate the remainder when 304/k - (-2)/7 is divided by i.
10
Let r be (1 - 3) + (1 - -329). What is the remainder when r/10 + (-2)/(-10) is divided by 17?
16
Let o be 2/1 - (2 - 2). Let h(s) = s**2 + s - 1. What is the remainder when h(o) is divided by 3?
2
Let l be 16 - 1/(4/16). Let i = -2 + l. What is the remainder when 48 is divided by i?
8
Let u(d) = -d + 4. Let g be (-68)/18 + (-16)/72. Calculate the remainder when 2/1 + -2 - -14 is divided by u(g).
6
Let a(m) = 22*m**2 + 3*m - 2. Let l be a(1). Let s = l - 11. What is the remainder when 94*(-4 + 2)/(-4) is divided by s?
11
Suppose 0*j + 12 = -2*j + 5*l, 5*j - 4*l = 4. What is the remainder when 21 is divided by j?
1
Suppose 0 = 3*b + 5 + 4, 0 = 3*a - 3*b - 33. Let i be ((-524)/10)/(4/(-10)). Suppose -i + 7 = -4*u. What is the remainder when u is divided by a?
7
Let a = -24 + 37. Let b(y) = -2*y**2 - 4*y**2 - 2 - 9 + 10*y - y**3. Calculate the remainder when b(-8) is divided by a.
11
Let d = 21 - 8. Calculate the remainder when 21 - (0 + 2 + -6) is divided by d.
12
Suppose -11 = -2*l + 3*c, -3*l + 5*c + 16 = -0*c. Suppose -2*r - 3*w = -l*r + 194, -151 = -4*r + w. What is the remainder when r is divided by 13?
11
Suppose 11*a - 564 = 5*a. Calculate the remainder when a is divided by 12.
10
Let y = -27 - -55. Let u be 4/(-6)*(-135)/30. Suppose u*n = -n + 40. Calculate the remainder when y is divided by n.
8
Let p(a) = -2*a**3 - 3*a**2 - 2*a + 2. Calculate the remainder when 38 is divided by p(-2).
8
Let d(f) = 7*f**2 - 2*f + 1. Let u be 0 - -12 - 0/(-2). Calculate the remainder when 0 + u + -2*1 is divided by d(1).
4
Let u(a) = -8*a. Let k be u(-1). Let x be -16*(-2)/(k/(-7)). Calculate the remainder when 38 is divided by (91/x)/((-1)/4).
12
Let f = 20 - 15. What is the remainder when 46 is divided by 5*(-3 - (-27)/f)?
10
Let m = 39 - 23. Suppose -n - 2*p = -m, n + 3*n + 1 = 5*p. Let x = -22 - -32. What is the remainder when x is divided by n?
4
Let c = 47 - 32. Calculate the remainder when 28 is divided by c.
13
Suppose 3*m = 8*m - 110. Suppose -4*v = -3*n - 36, 2*v + v + n = 40. What is the remainder when m is divided by v?
10
Let n = 2 + 6. What is the remainder when n is divided by 5?
3
Suppose 0 = -2*v - v + 231. What is the remainder when v is divided by 22?
11
Let t = 57 - 47. What is the remainder when t is divided by 3?
1
Suppose 39 = 5*t + 4. Let u = 16 - t. Calculate the remainder when 23 is divided by u.
5
Let c be ((-1)/(-2))/(7/(-168)). Let w(d) = d + 28. What is the remainder when w(c) is divided by 6?
4
Suppose -6 = -3*w + 42. Suppose 5*p - 56 = 89. What is the remainder when p is divided by w?
13
Let b be (9 + -5)*1/2. Suppose -5*p - 3*l + 5*l = -79, l = -b*p + 37. Calculate the remainder when p is divided by 6.
5
Calculate the remainder when 20/(-35) - (-1360)/28 is divided by 7.
6
Suppose 210 = 5*d - 155. Suppose 4*x + 5 - d = 0. What is the remainder when 33 is divided by x?
16
Let a(u) = 2*u**2 + 53*u - 13. Calculate the remainder when 35 is divided by a(-27).
7
Let r(n) = n**3 + 3*n**2 + n - 2. Let a be r(-2). Suppose -2*f + 52 = -5*s, -f = -a*f - 3*s - 28. Calculate the remainder when 47 is divided by f.
15
Let w = 307 - 106. What is the remainder when w is divided by 34?
31
Let o(v) be the third derivative of v**5/20 + 5*v**4/24 - v**3/3 + 2*v**2. Let i = 13 + 8. What is the remainder when o(3) is divided by i?
19
Calculate the remainder when 11 is divided by ((-16)/(-20))/(8/20).
1
What is the remainder when 52 is divided by 28/((1 - -5) + -5)?
24
Suppose -5*f + 125 = 65. Calculate the remainder when 143 is divided by f.
11
Let f = 2 + -7. Let a = 33 + f. What is the remainder when a is divided by 10?
8
Let r = -8 + 43. What is the remainder when 138 is divided by r?
33
Let f = 119 + -85. Calculate the remainder when f is divided by 12.
10
Suppose 0 = 12*g - 8*g - 68. What is the remainder when g is divided by 9?
8
Let n(p) be the third derivative of p**4/3 - p**3/6 - p**2. Calculate the remainder when 13 is divided by n(1).
6
Suppose 2*u = -u + 153. Suppose -4*p + 30 = -3*v - 22, -5*p + 5*v + 65 = 0. What is the remainder when u is divided by p?
12
Let y be (-1)/(2 - 278/138). Suppose 4*t = -2*c + 5*c + y, 3*c = -5*t + 93. Calculate the remainder when 0 + (t - (-2 + 0)) is divided by 7.
6
Suppose -5*l = -128 - 47. Let b = 5 + -2. Suppose 47 = 4*i - 5*z - 21, -b*z = -5*i + 72. What is the remainder when l is divided by i?
11
Suppose 3*l + 5*a + 4 + 14 = 0, -4*l - 24 = 5*a. Let g(z) = -2*z - 9. Let d be g(l). What is the remainder when 2 is divided by 3/((-2)/((-4)/d))?
0
Let v(x) = -2*x + 15. Suppose -g - 2*n + 45 = 0, -5*n = -g + 18 + 20. Calculate the remainder when g is divided by v(2).
10
Let g be (-8)/((2/4)/1). Let j = 18 + g. Calculate the remainder when 5 is divided by j.
1
Suppose 0 = 3*k - 4*k + 13. Suppose 3*j - 23 = -2*z - 0*j, 4*z - 5*j - k = 0. Calculate the remainder when z is divide